{"id":116,"date":"2026-03-17T16:45:05","date_gmt":"2026-03-17T16:45:05","guid":{"rendered":"https:\/\/www.clotureetnous.fr\/?page_id=116"},"modified":"2026-04-07T08:15:43","modified_gmt":"2026-04-07T08:15:43","slug":"contact","status":"publish","type":"page","link":"https:\/\/www.clotureetnous.fr\/?page_id=116","title":{"rendered":"CONTACT"},"content":{"rendered":"\n<p class=\"has-background\" style=\"background-color:#f4f2f2\">Une question ? Un projet ? Envie d\u2019en savoir plus ?<br>\u00c9crivez-nous via ce formulaire, nous serons ravis d\u2019\u00e9changer avec vous !<\/p>\n\n\n\n<div id=\"wp-block-themeisle-blocks-advanced-columns-ebcaae2c\" class=\"wp-block-themeisle-blocks-advanced-columns alignfull has-1-columns has-desktop-equal-layout has-tablet-equal-layout has-mobile-collapsedRows-layout has-vertical-unset has-light-bg\"><div class=\"wp-block-themeisle-blocks-advanced-columns-overlay\"><\/div><div class=\"innerblocks-wrap\">\n<div id=\"wp-block-themeisle-blocks-advanced-column-99e1169d\" class=\"wp-block-themeisle-blocks-advanced-column\">\n<div id=\"wp-block-themeisle-blocks-form-4460aba6\" class=\"wp-block-themeisle-blocks-form\" data-option-name=\"bf9b28ff82ce323187abc5d0feb0d8f07ecd8436_4460aba6\"><form class=\"otter-form__container\">\n<div id=\"wp-block-themeisle-blocks-form-input-1fa5a8b7\" class=\"wp-block-themeisle-blocks-form-input\"><label for=\"wp-block-themeisle-blocks-form-input-1fa5a8b7-input\" class=\"otter-form-input-label\"><span class=\"otter-form-input-label__label\">Nom<\/span><span class=\"required\">*<\/span><\/label><input type=\"text\" id=\"wp-block-themeisle-blocks-form-input-1fa5a8b7-input\" required placeholder=\"\" class=\"otter-form-input\"\/><\/div>\n\n\n\n<div id=\"wp-block-themeisle-blocks-form-input-9a639ae0\" class=\"wp-block-themeisle-blocks-form-input\"><label for=\"wp-block-themeisle-blocks-form-input-9a639ae0-input\" class=\"otter-form-input-label\"><span class=\"otter-form-input-label__label\">Email<\/span><span class=\"required\">*<\/span><\/label><input type=\"email\" id=\"wp-block-themeisle-blocks-form-input-9a639ae0-input\" required placeholder=\"\" class=\"otter-form-input\"\/><\/div>\n\n\n\n<div id=\"wp-block-themeisle-blocks-form-input-63399cc3\" class=\"wp-block-themeisle-blocks-form-input\"><label for=\"wp-block-themeisle-blocks-form-input-63399cc3-input\" class=\"otter-form-input-label\"><span class=\"otter-form-input-label__label\">T\u00e9l\u00e9phone<\/span><span class=\"required\">*<\/span><\/label><input type=\"number\" id=\"wp-block-themeisle-blocks-form-input-63399cc3-input\" required placeholder=\"\" class=\"otter-form-input\"\/><\/div>\n\n\n\n<div id=\"wp-block-themeisle-blocks-form-textarea-7209dff5\" class=\"wp-block-themeisle-blocks-form-textarea\"><label for=\"wp-block-themeisle-blocks-form-textarea-7209dff5-input\" class=\"otter-form-textarea-label\"><span class=\"otter-form-textarea-label__label\">Message<\/span><span class=\"required\">*<\/span><\/label><textarea id=\"wp-block-themeisle-blocks-form-textarea-7209dff5-input\" required placeholder=\"\" rows=\"10\" class=\"otter-form-textarea-input\"><\/textarea><\/div>\n\n\n<div class=\"protection\" aria-hidden=\"true\"><input type=\"hidden\" id=\"wp-block-themeisle-blocks-form-4460aba6_nonce_field\" name=\"wp-block-themeisle-blocks-form-4460aba6_nonce_field\" value=\"ecaa4fa287\" \/><input type=\"hidden\" name=\"_wp_http_referer\" value=\"\/index.php?rest_route=%2Fwp%2Fv2%2Fpages%2F116\" \/><input class=\"o-anti-bot\" type=\"checkbox\"><\/div><div class=\"wp-block-button\"><button class=\"wp-block-button__link\" type=\"submit\">Envoyer<\/button><\/div><\/form><\/div>\n<\/div>\n<\/div><\/div>\n\n\n\n<ul class=\"wp-block-social-links is-layout-flex wp-block-social-links-is-layout-flex\"><li class=\"wp-social-link wp-social-link-facebook  wp-block-social-link\"><a href=\"https:\/\/wwwfacebook.com\/profile.php?id=61586243426803\" class=\"wp-block-social-link-anchor\"><svg width=\"24\" height=\"24\" viewBox=\"0 0 24 24\" version=\"1.1\" xmlns=\"http:\/\/www.w3.org\/2000\/svg\" aria-hidden=\"true\" focusable=\"false\"><path d=\"M12 2C6.5 2 2 6.5 2 12c0 5 3.7 9.1 8.4 9.9v-7H7.9V12h2.5V9.8c0-2.5 1.5-3.9 3.8-3.9 1.1 0 2.2.2 2.2.2v2.5h-1.3c-1.2 0-1.6.8-1.6 1.6V12h2.8l-.4 2.9h-2.3v7C18.3 21.1 22 17 22 12c0-5.5-4.5-10-10-10z\"><\/path><\/svg><span class=\"wp-block-social-link-label screen-reader-text\">Facebook<\/span><\/a><\/li>\n\n<\/ul>\n\n\n\n<h2 class=\"wp-block-heading has-text-color has-link-color wp-elements-01d4a453579376485dc2df9a1accdad0\" style=\"color:#1f303e\">T\u00e9l\u00e9phone : <\/h2>\n\n\n\n<p class=\"has-text-color has-background has-link-color wp-elements-beec50307981fd9f16e831c054203a64\" style=\"color:#1f303e;background-color:#f4f2f2\">03.66.66.95.79<\/p>\n\n\n\n<h2 class=\"wp-block-heading has-text-color has-link-color wp-elements-3e6d891042204c135ec779ba2010f7c0\" style=\"color:#1f303e\">Horaires &amp; Jours d&rsquo;ouverture :<\/h2>\n\n\n\n<p class=\"has-text-color has-background has-link-color wp-elements-c87f5cf80cdd62680e26bb837ce91e75\" style=\"color:#1f303e;background-color:#f4f2f2\">Lundi : <em>sur rendez-vous<\/em><\/p>\n\n\n\n<p class=\"has-text-color has-background has-link-color wp-elements-815ce2826b6d306474a5db018795a9cd\" style=\"color:#1f303e;background-color:#f4f2f2\">Du mardi au vendredi  : 8h00-12h00 \/ 14h00 \u00e0 18h00<\/p>\n\n\n\n<p class=\"has-text-color has-background has-link-color wp-elements-bcb9905869cb8b7ac50c863813e6affb\" style=\"color:#1f303e;background-color:#f4f2f2\">Samedi : 9h00-12h30<\/p>\n\n\n\n<p class=\"has-text-color has-background has-link-color wp-elements-3af4cf1571c39025395ea20c19967aa0\" style=\"color:#1f303e;background-color:#f4f2f2\">Dimanche : <em>sur rendez-vous<\/em><\/p>\n\n\n\n<h2 class=\"wp-block-heading has-white-background-color has-text-color has-background has-link-color wp-elements-839a428121fc2c7a3bbcc6039486ac68\" style=\"color:#1f303e\">O\u00f9 nous trouvez : <\/h2>\n\n\n\n<p class=\"has-text-color has-background has-link-color wp-elements-137845eb3c2cab6864c291689180c1e2\" style=\"color:#1f303e;background-color:#f4f2f2\">346 rue Fleming 62400 B\u00e9thune<\/p>\n\n\n\n<p><\/p>\n","protected":false},"excerpt":{"rendered":"<p>Une question ? Un projet ? Envie d\u2019en savoir plus ?\u00c9crivez-nous via ce formulaire, nous serons ravis d\u2019\u00e9changer avec vous ! T\u00e9l\u00e9phone : 03.66.66.95.79 Horaires &amp; Jours d&rsquo;ouverture : Lundi : sur rendez-vous Du mardi au vendredi : 8h00-12h00 \/ 14h00 \u00e0 18h00 Samedi : 9h00-12h30 Dimanche : sur rendez-vous [&hellip;]<\/p>\n","protected":false},"author":1,"featured_media":0,"parent":0,"menu_order":0,"comment_status":"closed","ping_status":"closed","template":"","meta":{"_themeisle_gutenberg_block_has_review":false,"footnotes":""},"class_list":["post-116","page","type-page","status-publish","hentry"],"_links":{"self":[{"href":"https:\/\/www.clotureetnous.fr\/index.php?rest_route=\/wp\/v2\/pages\/116","targetHints":{"allow":["GET"]}}],"collection":[{"href":"https:\/\/www.clotureetnous.fr\/index.php?rest_route=\/wp\/v2\/pages"}],"about":[{"href":"https:\/\/www.clotureetnous.fr\/index.php?rest_route=\/wp\/v2\/types\/page"}],"author":[{"embeddable":true,"href":"https:\/\/www.clotureetnous.fr\/index.php?rest_route=\/wp\/v2\/users\/1"}],"replies":[{"embeddable":true,"href":"https:\/\/www.clotureetnous.fr\/index.php?rest_route=%2Fwp%2Fv2%2Fcomments&post=116"}],"version-history":[{"count":10,"href":"https:\/\/www.clotureetnous.fr\/index.php?rest_route=\/wp\/v2\/pages\/116\/revisions"}],"predecessor-version":[{"id":498,"href":"https:\/\/www.clotureetnous.fr\/index.php?rest_route=\/wp\/v2\/pages\/116\/revisions\/498"}],"wp:attachment":[{"href":"https:\/\/www.clotureetnous.fr\/index.php?rest_route=%2Fwp%2Fv2%2Fmedia&parent=116"}],"curies":[{"name":"wp","href":"https:\/\/api.w.org\/{rel}","templated":true}]}}