{"id":118,"date":"2026-03-17T16:47:26","date_gmt":"2026-03-17T16:47:26","guid":{"rendered":"https:\/\/www.clotureetnous.fr\/?page_id=118"},"modified":"2026-04-03T06:33:55","modified_gmt":"2026-04-03T06:33:55","slug":"qui-sommes-nous","status":"publish","type":"page","link":"https:\/\/www.clotureetnous.fr\/?page_id=118","title":{"rendered":"QUI SOMMES-NOUS ?"},"content":{"rendered":"\n<p class=\"has-text-color has-background has-link-color wp-elements-4cfeb3b21944f2253a21fd398a7e9f64\" style=\"color:#1f303e;background-color:#f4f2f2\">Notre entreprise est sp\u00e9cialis\u00e9e dans la fourniture de solutions de cl\u00f4tures adapt\u00e9es aux besoins des particuliers et des professionnels, alliant qualit\u00e9, durabilit\u00e9 et esth\u00e9tisme.<\/p>\n\n\n\n<p class=\"has-header-gradient-color has-text-color has-background has-link-color wp-elements-01d781722cbe19e0e9ceb20864c61921\" style=\"background-color:#f4f2f2\">Nous proposons une large gamme de produits :<\/p>\n\n\n\n<p class=\"has-header-gradient-color has-text-color has-background has-link-color wp-elements-e4945dfd5b556e88f962a93a45309c02\" style=\"background-color:#f4f2f2\">&#8211; Cl\u00f4tures rigides, Occultation, Composite, Bois<\/p>\n\n\n\n<p class=\"has-header-gradient-color has-text-color has-background has-link-color wp-elements-a2a364a5470e68f1ada4cfbcd6f1efa9\" style=\"background-color:#f4f2f2\">Forts de notre expertise, nous accompagnons nos clients dans le choix des solutions les plus adapt\u00e9es \u00e0 leurs projets d&rsquo;am\u00e9nagement ext\u00e9rieur.&nbsp;Notre priorit\u00e9 est de proposer des produits fiables, performants et con\u00e7us pour r\u00e9sister aux contraintes du temps et de l&rsquo;environnement.<\/p>\n\n\n\n<p class=\"has-background\" style=\"background-color:#f4f2f2\">Engag\u00e9s dans une d\u00e9marche de qualit\u00e9 et de satisfaction client, nous mettons un point d&rsquo;honneur \u00e0 offrir un service s\u00e9rieux, des conseils personnalis\u00e9s et un accompagnement de confiance.<\/p>\n\n\n\n<p class=\"has-background\" style=\"background-color:#f4f2f2\">Notre priorit\u00e9 : Respect des d\u00e9lais et la satisfaction de nos clients.<\/p>\n\n\n\n<p class=\"has-text-color has-background has-link-color wp-elements-7ee0b04ee8bc5834e2b64e8ccc328bbe\" style=\"color:#1f303e;background-color:#f4f2f2\">                                                                   Lo\u00efc &amp; Thomas.<\/p>\n\n\n\n<hr class=\"wp-block-separator has-alpha-channel-opacity\"\/>\n\n\n\n<h3 class=\"wp-block-heading\"><\/h3>\n","protected":false},"excerpt":{"rendered":"<p>Notre entreprise est sp\u00e9cialis\u00e9e dans la fourniture de solutions de cl\u00f4tures adapt\u00e9es aux besoins des particuliers et des professionnels, alliant qualit\u00e9, durabilit\u00e9 et esth\u00e9tisme. Nous proposons une large gamme de produits : &#8211; Cl\u00f4tures rigides, Occultation, Composite, Bois Forts de notre expertise, nous accompagnons nos clients dans le choix des [&hellip;]<\/p>\n","protected":false},"author":1,"featured_media":0,"parent":0,"menu_order":0,"comment_status":"closed","ping_status":"closed","template":"","meta":{"_themeisle_gutenberg_block_has_review":false,"footnotes":""},"class_list":["post-118","page","type-page","status-publish","hentry"],"_links":{"self":[{"href":"https:\/\/www.clotureetnous.fr\/index.php?rest_route=\/wp\/v2\/pages\/118","targetHints":{"allow":["GET"]}}],"collection":[{"href":"https:\/\/www.clotureetnous.fr\/index.php?rest_route=\/wp\/v2\/pages"}],"about":[{"href":"https:\/\/www.clotureetnous.fr\/index.php?rest_route=\/wp\/v2\/types\/page"}],"author":[{"embeddable":true,"href":"https:\/\/www.clotureetnous.fr\/index.php?rest_route=\/wp\/v2\/users\/1"}],"replies":[{"embeddable":true,"href":"https:\/\/www.clotureetnous.fr\/index.php?rest_route=%2Fwp%2Fv2%2Fcomments&post=118"}],"version-history":[{"count":10,"href":"https:\/\/www.clotureetnous.fr\/index.php?rest_route=\/wp\/v2\/pages\/118\/revisions"}],"predecessor-version":[{"id":493,"href":"https:\/\/www.clotureetnous.fr\/index.php?rest_route=\/wp\/v2\/pages\/118\/revisions\/493"}],"wp:attachment":[{"href":"https:\/\/www.clotureetnous.fr\/index.php?rest_route=%2Fwp%2Fv2%2Fmedia&parent=118"}],"curies":[{"name":"wp","href":"https:\/\/api.w.org\/{rel}","templated":true}]}}