{"id":120,"date":"2026-03-17T16:51:30","date_gmt":"2026-03-17T16:51:30","guid":{"rendered":"https:\/\/www.clotureetnous.fr\/?page_id=120"},"modified":"2026-04-03T06:35:29","modified_gmt":"2026-04-03T06:35:29","slug":"nos-engagements-au-quotidien","status":"publish","type":"page","link":"https:\/\/www.clotureetnous.fr\/?page_id=120","title":{"rendered":"NOS ENGAGEMENTS AU QUOTIDIEN"},"content":{"rendered":"\n<p class=\"has-text-color has-background has-link-color wp-elements-d43058b9e66462a47cd672f1a2468725\" style=\"color:#1f303e;background-color:#f4f2f2\">Au quotidien, nous mettons notre savoir-faire au service de vos projets d\u2019am\u00e9nagement ext\u00e9rieur, en proposant des solutions de cl\u00f4tures rigides, composite, PVC et bois alliant qualit\u00e9, durabilit\u00e9 et esth\u00e9tisme.<\/p>\n\n\n\n<p class=\"has-text-color has-background has-link-color wp-elements-5649ccf0b3045600e60095ebf6a2fd7a\" style=\"color:#1f303e;background-color:#f4f2f2\">Nous s\u00e9lectionnons des mat\u00e9riaux fiables et r\u00e9sistants, adapt\u00e9s aux contraintes ext\u00e9rieures, afin de garantir des installations solides et p\u00e9rennes. Soucieux de votre satisfaction, nous vous accompagnons \u00e0 chaque \u00e9tape avec \u00e9coute, conseils personnalis\u00e9s et professionnalisme.<\/p>\n\n\n\n<p class=\"has-text-color has-background has-link-color wp-elements-d0a1a8e9b4c3b8e87fb3862b20b18cc0\" style=\"color:#1f303e;background-color:#f4f2f2\">Notre engagement repose \u00e9galement sur le respect de nos partenaires, de l\u2019environnement et sur une volont\u00e9 constante d\u2019am\u00e9lioration, pour vous offrir des solutions toujours plus performantes et adapt\u00e9es \u00e0 vos besoins.<\/p>\n\n\n\n<p class=\"has-text-color has-background has-link-color wp-elements-40528be1c6d85b0956c552fcc4bb14e7\" style=\"color:#1f303e;background-color:#f4f2f2\">Conscients de l\u2019impact de notre activit\u00e9, nous veillons \u00e0 privil\u00e9gier des mat\u00e9riaux durables et de qualit\u00e9, tels que le composite, le PVC et le bois, s\u00e9lectionn\u00e9s pour leur r\u00e9sistance et leur long\u00e9vit\u00e9.<\/p>\n\n\n\n<p class=\"has-text-color has-background has-link-color wp-elements-868424051d0d7bb2ab700e44c4e06e71\" style=\"color:#1f303e;background-color:#f4f2f2\">Nous nous engageons \u00e0 adopter des pratiques responsables, en limitant le gaspillage, en optimisant nos ressources et en favorisant des solutions respectueuses de l\u2019environnement. Notre objectif est de proposer des am\u00e9nagements ext\u00e9rieurs \u00e0 la fois performants, esth\u00e9tiques et durables.<\/p>\n\n\n\n<p class=\"has-text-color has-background has-link-color wp-elements-8fb3c3116f6222c17f9dc15b6d99eab7\" style=\"color:#1f303e;background-color:#f4f2f2\">Chaque projet est pens\u00e9 dans une d\u00e9marche responsable, afin de concilier efficacit\u00e9, respect de l\u2019environnement et satisfaction client.<\/p>\n\n\n\n<p><\/p>\n","protected":false},"excerpt":{"rendered":"<p>Au quotidien, nous mettons notre savoir-faire au service de vos projets d\u2019am\u00e9nagement ext\u00e9rieur, en proposant des solutions de cl\u00f4tures rigides, composite, PVC et bois alliant qualit\u00e9, durabilit\u00e9 et esth\u00e9tisme. Nous s\u00e9lectionnons des mat\u00e9riaux fiables et r\u00e9sistants, adapt\u00e9s aux contraintes ext\u00e9rieures, afin de garantir des installations solides et p\u00e9rennes. Soucieux de [&hellip;]<\/p>\n","protected":false},"author":1,"featured_media":0,"parent":0,"menu_order":0,"comment_status":"closed","ping_status":"closed","template":"","meta":{"_themeisle_gutenberg_block_has_review":false,"footnotes":""},"class_list":["post-120","page","type-page","status-publish","hentry"],"_links":{"self":[{"href":"https:\/\/www.clotureetnous.fr\/index.php?rest_route=\/wp\/v2\/pages\/120","targetHints":{"allow":["GET"]}}],"collection":[{"href":"https:\/\/www.clotureetnous.fr\/index.php?rest_route=\/wp\/v2\/pages"}],"about":[{"href":"https:\/\/www.clotureetnous.fr\/index.php?rest_route=\/wp\/v2\/types\/page"}],"author":[{"embeddable":true,"href":"https:\/\/www.clotureetnous.fr\/index.php?rest_route=\/wp\/v2\/users\/1"}],"replies":[{"embeddable":true,"href":"https:\/\/www.clotureetnous.fr\/index.php?rest_route=%2Fwp%2Fv2%2Fcomments&post=120"}],"version-history":[{"count":4,"href":"https:\/\/www.clotureetnous.fr\/index.php?rest_route=\/wp\/v2\/pages\/120\/revisions"}],"predecessor-version":[{"id":281,"href":"https:\/\/www.clotureetnous.fr\/index.php?rest_route=\/wp\/v2\/pages\/120\/revisions\/281"}],"wp:attachment":[{"href":"https:\/\/www.clotureetnous.fr\/index.php?rest_route=%2Fwp%2Fv2%2Fmedia&parent=120"}],"curies":[{"name":"wp","href":"https:\/\/api.w.org\/{rel}","templated":true}]}}